CRAN Package Check Results for Package rhnerm

Last updated on 2025-11-16 07:49:47 CET.

Flavor Version Tinstall Tcheck Ttotal Status Flags
r-devel-linux-x86_64-debian-clang 1.1 1.64 28.06 29.70 NOTE
r-devel-linux-x86_64-debian-gcc 1.1 1.51 20.97 22.48 NOTE
r-devel-linux-x86_64-fedora-clang 1.1 47.38 OK
r-devel-linux-x86_64-fedora-gcc 1.1 45.82 OK
r-devel-windows-x86_64 1.1 2.00 40.00 42.00 OK
r-patched-linux-x86_64 1.1 2.00 27.15 29.15 OK
r-release-linux-x86_64 1.1 1.75 26.74 28.49 OK
r-release-macos-arm64 1.1 1.00 15.00 16.00 OK
r-release-macos-x86_64 1.1 2.00 27.00 29.00 OK
r-release-windows-x86_64 1.1 3.00 40.00 43.00 OK
r-oldrel-macos-arm64 1.1 1.00 13.00 14.00 OK
r-oldrel-macos-x86_64 1.1 2.00 22.00 24.00 OK
r-oldrel-windows-x86_64 1.1 2.00 43.00 45.00 OK

Check Details

Version: 1.1
Check: CRAN incoming feasibility
Result: NOTE Maintainer: ‘Shonosuke Sugasawa <shonosuke622@gmail.com>’ No Authors@R field in DESCRIPTION. Please add one, modifying Authors@R: person(given = "Shonosuke", family = "Sugasawa", role = c("aut", "cre"), email = "shonosuke622@gmail.com") as necessary. Flavors: r-devel-linux-x86_64-debian-clang, r-devel-linux-x86_64-debian-gcc