CRAN Package Check Results for Package rgeoda

Last updated on 2025-06-30 15:49:48 CEST.

Flavor Version Tinstall Tcheck Ttotal Status Flags
r-devel-linux-x86_64-debian-clang 0.1.0 237.51 42.28 279.79 OK
r-devel-linux-x86_64-debian-gcc 0.1.0 171.56 38.46 210.02 OK
r-devel-linux-x86_64-fedora-clang 0.1.0 553.75 OK
r-devel-linux-x86_64-fedora-gcc 0.1.0 535.04 OK
r-devel-windows-x86_64 0.1.0 312.00 114.00 426.00 OK
r-patched-linux-x86_64 OK
r-release-linux-x86_64 0.1.0 245.99 49.03 295.02 OK
r-release-macos-arm64 0.1.0 118.00 OK
r-release-macos-x86_64 0.1.0 113.00 OK
r-release-windows-x86_64 0.1.0 312.00 119.00 431.00 OK
r-oldrel-macos-arm64 0.1.0 106.00 NOTE
r-oldrel-macos-x86_64 0.1.0 119.00 NOTE
r-oldrel-windows-x86_64 0.1.0 353.00 135.00 488.00 OK

Check Details

Version: 0.1.0
Check: installed package size
Result: NOTE installed size is 28.6Mb sub-directories of 1Mb or more: libs 27.4Mb Flavors: r-oldrel-macos-arm64, r-oldrel-macos-x86_64