CRAN Package Check Results for Package resampledata3

Last updated on 2025-06-30 15:49:48 CEST.

Flavor Version Tinstall Tcheck Ttotal Status Flags
r-devel-linux-x86_64-debian-clang 1.0 1.74 18.60 20.34 NOTE
r-devel-linux-x86_64-debian-gcc 1.0 1.49 14.63 16.12 NOTE
r-devel-linux-x86_64-fedora-clang 1.0 30.42 NOTE
r-devel-linux-x86_64-fedora-gcc 1.0 31.20 NOTE
r-devel-windows-x86_64 1.0 3.00 42.00 45.00 NOTE
r-patched-linux-x86_64 NOTE
r-release-linux-x86_64 1.0 1.74 17.00 18.74 NOTE
r-release-macos-arm64 1.0 14.00 NOTE
r-release-macos-x86_64 1.0 24.00 NOTE
r-release-windows-x86_64 1.0 3.00 47.00 50.00 NOTE
r-oldrel-macos-arm64 1.0 13.00 NOTE
r-oldrel-macos-x86_64 1.0 19.00 NOTE
r-oldrel-windows-x86_64 1.0 4.00 42.00 46.00 NOTE

Check Details

Version: 1.0
Check: Rd files
Result: NOTE checkRd: (-1) NCBirths2004.Rd:16: Lost braces 16 | \item{\code{Smoker}}{Mother a smoker? code{No}, \code{Yes}} | ^ Flavors: r-devel-linux-x86_64-debian-clang, r-devel-linux-x86_64-debian-gcc, r-devel-linux-x86_64-fedora-clang, r-devel-linux-x86_64-fedora-gcc, r-devel-windows-x86_64, r-patched-linux-x86_64, r-release-linux-x86_64, r-release-macos-arm64, r-release-macos-x86_64, r-release-windows-x86_64, r-oldrel-macos-arm64, r-oldrel-macos-x86_64, r-oldrel-windows-x86_64