CRAN Package Check Results for Package regrap

Last updated on 2025-02-22 12:50:46 CET.

Flavor Version Tinstall Tcheck Ttotal Status Flags
r-devel-linux-x86_64-debian-clang 1.0.1 2.02 19.10 21.12 OK
r-devel-linux-x86_64-debian-gcc 1.0.1 1.53 14.81 16.34 OK
r-devel-linux-x86_64-fedora-clang 1.0.1 32.66 OK
r-devel-linux-x86_64-fedora-gcc 1.0.1 31.28 OK
r-devel-macos-arm64 1.0.1 13.00 OK
r-devel-macos-x86_64 1.0.1 24.00 OK
r-devel-windows-x86_64 1.0.1 4.00 41.00 45.00 OK
r-patched-linux-x86_64 1.0.1 2.01 17.92 19.93 NOTE
r-release-linux-x86_64 1.0.1 1.86 17.95 19.81 NOTE
r-release-macos-arm64 1.0.1 14.00 NOTE
r-release-macos-x86_64 1.0.1 20.00 NOTE
r-release-windows-x86_64 1.0.1 3.00 42.00 45.00 NOTE
r-oldrel-macos-arm64 1.0.1 15.00 NOTE
r-oldrel-macos-x86_64 1.0.1 20.00 NOTE
r-oldrel-windows-x86_64 1.0.1 3.00 43.00 46.00 NOTE

Check Details

Version: 1.0.1
Check: LazyData
Result: NOTE 'LazyData' is specified without a 'data' directory Flavors: r-patched-linux-x86_64, r-release-linux-x86_64, r-release-macos-arm64, r-release-macos-x86_64, r-release-windows-x86_64, r-oldrel-macos-arm64, r-oldrel-macos-x86_64, r-oldrel-windows-x86_64