Last updated on 2025-06-30 15:49:48 CEST.
Flavor | Version | Tinstall | Tcheck | Ttotal | Status | Flags |
---|---|---|---|---|---|---|
r-devel-linux-x86_64-debian-clang | 0.5.5 | 45.00 | 108.11 | 153.11 | OK | |
r-devel-linux-x86_64-debian-gcc | 0.5.5 | 32.24 | 77.55 | 109.79 | OK | |
r-devel-linux-x86_64-fedora-clang | 0.5.5 | 258.49 | OK | |||
r-devel-linux-x86_64-fedora-gcc | 0.5.5 | 247.84 | OK | |||
r-devel-windows-x86_64 | 0.5.5 | 54.00 | 130.00 | 184.00 | OK | |
r-patched-linux-x86_64 | OK | |||||
r-release-linux-x86_64 | 0.5.5 | 46.60 | 102.32 | 148.92 | OK | |
r-release-macos-arm64 | 0.5.5 | 75.00 | OK | |||
r-release-macos-x86_64 | 0.5.5 | 117.00 | OK | |||
r-release-windows-x86_64 | 0.5.5 | 55.00 | 134.00 | 189.00 | OK | |
r-oldrel-macos-arm64 | 0.5.5 | 73.00 | NOTE | |||
r-oldrel-macos-x86_64 | 0.5.5 | 118.00 | NOTE | |||
r-oldrel-windows-x86_64 | 0.5.5 | 65.00 | 161.00 | 226.00 | NOTE |
Version: 0.5.5
Check: installed package size
Result: NOTE
installed size is 7.2Mb
sub-directories of 1Mb or more:
doc 3.5Mb
libs 3.0Mb
Flavors: r-oldrel-macos-arm64, r-oldrel-macos-x86_64, r-oldrel-windows-x86_64