CRAN Package Check Results for Package recommenderlabJester

Last updated on 2025-11-25 07:50:08 CET.

Flavor Version Tinstall Tcheck Ttotal Status Flags
r-devel-linux-x86_64-debian-clang 0.2-0 6.88 40.88 47.76 NOTE
r-devel-linux-x86_64-debian-gcc 0.2-0 4.49 30.63 35.12 NOTE
r-devel-linux-x86_64-fedora-clang 0.2-0 18.00 56.92 74.92 OK
r-devel-linux-x86_64-fedora-gcc 0.2-0 14.00 57.09 71.09 OK
r-devel-windows-x86_64 0.2-0 8.00 52.00 60.00 OK
r-patched-linux-x86_64 0.2-0 6.29 39.36 45.65 OK
r-release-linux-x86_64 0.2-0 5.15 39.57 44.72 OK
r-release-macos-arm64 0.2-0 OK
r-release-macos-x86_64 0.2-0 6.00 38.00 44.00 OK
r-release-windows-x86_64 0.2-0 7.00 64.00 71.00 OK
r-oldrel-macos-arm64 0.2-0 OK
r-oldrel-macos-x86_64 0.2-0 5.00 31.00 36.00 OK
r-oldrel-windows-x86_64 0.2-0 10.00 64.00 74.00 OK

Check Details

Version: 0.2-0
Check: CRAN incoming feasibility
Result: NOTE Maintainer: ‘Michael Hahsler <mhahsler@smu.edu>’ No Authors@R field in DESCRIPTION. Please add one, modifying Authors@R: person(given = "Michael", family = "Hahsler", role = c("aut", "cre"), email = "mhahsler@smu.edu") as necessary. Flavors: r-devel-linux-x86_64-debian-clang, r-devel-linux-x86_64-debian-gcc