Last updated on 2025-02-21 13:51:00 CET.
Flavor | Version | Tinstall | Tcheck | Ttotal | Status | Flags |
---|---|---|---|---|---|---|
r-devel-linux-x86_64-debian-clang | 0.91 | 5.57 | 55.88 | 61.45 | NOTE | |
r-devel-linux-x86_64-debian-gcc | 0.91 | 3.37 | 41.38 | 44.75 | NOTE | |
r-devel-linux-x86_64-fedora-clang | 0.91 | 96.80 | OK | |||
r-devel-linux-x86_64-fedora-gcc | 0.91 | 105.51 | OK | |||
r-devel-macos-arm64 | 0.91 | 45.00 | OK | |||
r-devel-macos-x86_64 | 0.91 | 74.00 | OK | |||
r-devel-windows-x86_64 | 0.91 | 7.00 | 72.00 | 79.00 | NOTE | |
r-patched-linux-x86_64 | 0.91 | 10.23 | 52.81 | 63.04 | OK | |
r-release-linux-x86_64 | 0.91 | 4.85 | 51.71 | 56.56 | OK | |
r-release-macos-arm64 | 0.91 | 41.00 | OK | |||
r-release-macos-x86_64 | 0.91 | 58.00 | OK | |||
r-release-windows-x86_64 | 0.91 | 8.00 | 72.00 | 80.00 | OK | |
r-oldrel-macos-arm64 | 0.91 | 40.00 | OK | |||
r-oldrel-macos-x86_64 | 0.91 | 83.00 | OK | |||
r-oldrel-windows-x86_64 | 0.91 | 8.00 | 81.00 | 89.00 | OK |
Version: 0.91
Check: Rd cross-references
Result: NOTE
Found the following Rd file(s) with Rd \link{} targets missing package
anchors:
readtext.Rd: fread
Please provide package anchors for all Rd \link{} targets not in the
package itself and the base packages.
Flavors: r-devel-linux-x86_64-debian-clang, r-devel-linux-x86_64-debian-gcc, r-devel-windows-x86_64