Last updated on 2025-11-24 07:50:12 CET.
| Flavor | Version | Tinstall | Tcheck | Ttotal | Status | Flags |
|---|---|---|---|---|---|---|
| r-devel-linux-x86_64-debian-clang | 0.9.3 | 1.36 | 26.30 | 27.66 | OK | |
| r-devel-linux-x86_64-debian-gcc | 0.9.3 | 1.26 | 21.58 | 22.84 | OK | |
| r-devel-linux-x86_64-fedora-clang | 0.9.3 | 43.46 | OK | |||
| r-devel-linux-x86_64-fedora-gcc | 0.9.3 | 59.67 | OK | |||
| r-devel-windows-x86_64 | 0.9.3 | 5.00 | 45.00 | 50.00 | OK | |
| r-patched-linux-x86_64 | 0.9.3 | 1.71 | 25.53 | 27.24 | OK | |
| r-release-linux-x86_64 | 0.9.3 | 1.62 | 24.96 | 26.58 | OK | |
| r-release-macos-arm64 | 0.9.3 | OK | ||||
| r-release-macos-x86_64 | 0.9.3 | 2.00 | 53.00 | 55.00 | OK | |
| r-release-windows-x86_64 | 0.9.3 | 4.00 | 49.00 | 53.00 | OK | |
| r-oldrel-macos-arm64 | 0.9.3 | NOTE | ||||
| r-oldrel-macos-x86_64 | 0.9.3 | 1.00 | 31.00 | 32.00 | NOTE | |
| r-oldrel-windows-x86_64 | 0.9.3 | 5.00 | 51.00 | 56.00 | NOTE |
Version: 0.9.3
Check: LazyData
Result: NOTE
'LazyData' is specified without a 'data' directory
Flavors: r-oldrel-macos-arm64, r-oldrel-macos-x86_64, r-oldrel-windows-x86_64