Last updated on 2024-04-27 12:48:22 CEST.
Flavor | Version | Tinstall | Tcheck | Ttotal | Status | Flags |
---|---|---|---|---|---|---|
r-devel-linux-x86_64-debian-clang | 2.1.5 | 77.64 | 126.48 | 204.12 | NOTE | |
r-devel-linux-x86_64-debian-gcc | 2.1.5 | 63.80 | 91.65 | 155.45 | NOTE | |
r-devel-linux-x86_64-fedora-clang | 2.1.5 | 299.16 | NOTE | |||
r-devel-linux-x86_64-fedora-gcc | 2.1.5 | 285.61 | NOTE | |||
r-devel-windows-x86_64 | 2.1.5 | 74.00 | 152.00 | 226.00 | NOTE | |
r-patched-linux-x86_64 | 2.1.5 | 88.01 | 117.01 | 205.02 | OK | |
r-release-linux-x86_64 | 2.1.5 | 79.14 | 119.54 | 198.68 | OK | |
r-release-macos-arm64 | 2.1.5 | 75.00 | NOTE | |||
r-release-windows-x86_64 | 2.1.5 | 75.00 | 151.00 | 226.00 | OK | |
r-oldrel-macos-arm64 | 2.1.5 | 88.00 | NOTE | |||
r-oldrel-macos-x86_64 | 2.1.5 | 130.00 | NOTE | |||
r-oldrel-windows-x86_64 | 2.1.5 | 90.00 | 171.00 | 261.00 | OK |
Version: 2.1.5
Check: compiled code
Result: NOTE
File ‘readr/libs/readr.so’:
Found non-API calls to R: ‘SETLENGTH’, ‘SET_TRUELENGTH’
Compiled code should not call non-API entry points in R.
See ‘Writing portable packages’ in the ‘Writing R Extensions’ manual.
Flavors: r-devel-linux-x86_64-debian-clang, r-devel-linux-x86_64-debian-gcc, r-devel-linux-x86_64-fedora-clang, r-devel-linux-x86_64-fedora-gcc
Version: 2.1.5
Check: Rd cross-references
Result: NOTE
Undeclared packages ‘tidyselect’, ‘vctrs’ in Rd xrefs
Flavor: r-devel-linux-x86_64-fedora-clang
Version: 2.1.5
Check: compiled code
Result: NOTE
File 'readr/libs/x64/readr.dll':
Found non-API calls to R: 'SETLENGTH', 'SET_TRUELENGTH'
Compiled code should not call non-API entry points in R.
See 'Writing portable packages' in the 'Writing R Extensions' manual.
Flavor: r-devel-windows-x86_64
Version: 2.1.5
Check: installed package size
Result: NOTE
installed size is 5.4Mb
sub-directories of 1Mb or more:
libs 4.5Mb
Flavors: r-release-macos-arm64, r-oldrel-macos-arm64, r-oldrel-macos-x86_64