Last updated on 2025-06-30 15:49:48 CEST.
Flavor | Version | Tinstall | Tcheck | Ttotal | Status | Flags |
---|---|---|---|---|---|---|
r-devel-linux-x86_64-debian-clang | 0.1.2 | 48.80 | 337.39 | 386.19 | OK | |
r-devel-linux-x86_64-debian-gcc | 0.1.2 | 33.79 | 219.90 | 253.69 | OK | |
r-devel-linux-x86_64-fedora-clang | 0.1.2 | 628.16 | OK | |||
r-devel-linux-x86_64-fedora-gcc | 0.1.2 | 609.05 | OK | |||
r-devel-windows-x86_64 | 0.1.2 | 51.00 | 401.00 | 452.00 | OK | |
r-patched-linux-x86_64 | OK | |||||
r-release-linux-x86_64 | 0.1.2 | 47.39 | 321.22 | 368.61 | OK | |
r-release-macos-arm64 | 0.1.2 | 155.00 | OK | |||
r-release-macos-x86_64 | 0.1.2 | 378.00 | OK | |||
r-release-windows-x86_64 | 0.1.2 | 53.00 | 400.00 | 453.00 | OK | |
r-oldrel-macos-arm64 | 0.1.2 | 145.00 | NOTE | |||
r-oldrel-macos-x86_64 | 0.1.2 | 231.00 | NOTE | |||
r-oldrel-windows-x86_64 | 0.1.2 | 70.00 | 508.00 | 578.00 | OK |
Version: 0.1.2
Check: installed package size
Result: NOTE
installed size is 7.4Mb
sub-directories of 1Mb or more:
libs 4.9Mb
Flavors: r-oldrel-macos-arm64, r-oldrel-macos-x86_64