Last updated on 2025-11-04 07:50:05 CET.
| Flavor | Version | Tinstall | Tcheck | Ttotal | Status | Flags |
|---|---|---|---|---|---|---|
| r-devel-linux-x86_64-debian-clang | 3.8.1 | 5.96 | 103.88 | 109.84 | NOTE | |
| r-devel-linux-x86_64-debian-gcc | 3.8.1 | 6.13 | 78.36 | 84.49 | NOTE | |
| r-devel-linux-x86_64-fedora-clang | 3.8.1 | 15.00 | 160.76 | 175.76 | OK | |
| r-devel-linux-x86_64-fedora-gcc | 3.8.1 | 18.00 | 168.43 | 186.43 | OK | |
| r-devel-windows-x86_64 | 3.8.1 | 9.00 | 127.00 | 136.00 | NOTE | |
| r-patched-linux-x86_64 | 3.8.1 | 7.30 | 101.50 | 108.80 | NOTE | |
| r-release-linux-x86_64 | 3.8.1 | 7.40 | 101.73 | 109.13 | NOTE | |
| r-release-macos-arm64 | 3.8.1 | 5.00 | 63.00 | 68.00 | OK | |
| r-release-macos-x86_64 | 3.8.1 | 7.00 | 105.00 | 112.00 | OK | |
| r-release-windows-x86_64 | 3.8.1 | 9.00 | 121.00 | 130.00 | NOTE | |
| r-oldrel-macos-arm64 | 3.8.1 | 4.00 | 52.00 | 56.00 | OK | |
| r-oldrel-macos-x86_64 | 3.8.1 | 11.00 | 107.00 | 118.00 | OK | |
| r-oldrel-windows-x86_64 | 3.8.1 | 9.00 | 141.00 | 150.00 | OK |
Version: 3.8.1
Check: Rd cross-references
Result: NOTE
Found the following Rd file(s) with Rd \link{} targets missing package
anchors:
get.fingerprint.Rd: fingerprint-class, featvec-class
Please provide package anchors for all Rd \link{} targets not in the
package itself and the base packages.
Flavors: r-devel-linux-x86_64-debian-clang, r-devel-linux-x86_64-debian-gcc, r-devel-windows-x86_64, r-patched-linux-x86_64, r-release-linux-x86_64, r-release-windows-x86_64