CRAN Package Check Results for Package rTwig

Last updated on 2025-06-30 15:49:50 CEST.

Flavor Version Tinstall Tcheck Ttotal Status Flags
r-devel-linux-x86_64-debian-clang 1.4.0 78.48 263.80 342.28 OK
r-devel-linux-x86_64-debian-gcc 1.4.0 60.46 191.51 251.97 OK
r-devel-linux-x86_64-fedora-clang 1.4.0 530.19 OK
r-devel-linux-x86_64-fedora-gcc 1.4.0 563.77 OK
r-devel-windows-x86_64 1.4.0 97.00 282.00 379.00 OK
r-patched-linux-x86_64 OK
r-release-linux-x86_64 1.4.0 85.35 234.03 319.38 OK
r-release-macos-arm64 1.4.0 125.00 OK
r-release-macos-x86_64 1.4.0 219.00 OK
r-release-windows-x86_64 1.4.0 97.00 278.00 375.00 OK
r-oldrel-macos-arm64 1.4.0 129.00 NOTE
r-oldrel-macos-x86_64 1.4.0 232.00 NOTE
r-oldrel-windows-x86_64 1.4.0 115.00 349.00 464.00 OK

Check Details

Version: 1.4.0
Check: installed package size
Result: NOTE installed size is 7.6Mb sub-directories of 1Mb or more: extdata 1.0Mb libs 5.3Mb Flavors: r-oldrel-macos-arm64, r-oldrel-macos-x86_64