Last updated on 2025-11-04 07:50:07 CET.
| Flavor | Version | Tinstall | Tcheck | Ttotal | Status | Flags | 
|---|---|---|---|---|---|---|
| r-devel-linux-x86_64-debian-clang | 1.5 | 3.18 | 30.29 | 33.47 | NOTE | |
| r-devel-linux-x86_64-debian-gcc | 1.5 | 2.44 | 23.08 | 25.52 | NOTE | |
| r-devel-linux-x86_64-fedora-clang | 1.5 | 48.76 | OK | |||
| r-devel-linux-x86_64-fedora-gcc | 1.5 | 46.77 | OK | |||
| r-devel-windows-x86_64 | 1.5 | 4.00 | 56.00 | 60.00 | OK | |
| r-patched-linux-x86_64 | 1.5 | 3.62 | 28.65 | 32.27 | OK | |
| r-release-linux-x86_64 | 1.5 | 3.00 | 28.57 | 31.57 | OK | |
| r-release-macos-arm64 | 1.5 | 2.00 | 16.00 | 18.00 | OK | |
| r-release-macos-x86_64 | 1.5 | 3.00 | 36.00 | 39.00 | OK | |
| r-release-windows-x86_64 | 1.5 | 4.00 | 56.00 | 60.00 | OK | |
| r-oldrel-macos-arm64 | 1.5 | 1.00 | 17.00 | 18.00 | OK | |
| r-oldrel-macos-x86_64 | 1.5 | 3.00 | 27.00 | 30.00 | OK | |
| r-oldrel-windows-x86_64 | 1.5 | 5.00 | 66.00 | 71.00 | OK | 
Version: 1.5
Check: CRAN incoming feasibility
Result: NOTE
  Maintainer: ‘Martin Zaefferer <martin.zaefferer@gmx.de>’
  
  No Authors@R field in DESCRIPTION.
  Please add one, modifying
    Authors@R: c(person(given = "Wolfgang",
                        family = "Konen",
                        role = "aut",
                        email = "wolfgang.konen@fh-koeln.de"),
                 person(given = "Martin",
                        family = "Zaefferer",
                        role = c("aut", "cre"),
                        email = "martin.zaefferer@gmx.de"),
                 person(given = c("Patrick", "Koch;", "Bug"),
                        family = "hunting",
                        role = "aut"),
                 person(given = c("testing", "by", "Ayodele"),
                        family = "Fasika",
                        role = "aut"),
                 person(given = "Ashwin",
                        family = "Kumar",
                        role = "aut"),
                 person(given = "Prawyn",
                        family = "Jebakumar",
                        role = "aut"))
  as necessary.
Flavors: r-devel-linux-x86_64-debian-clang, r-devel-linux-x86_64-debian-gcc