Last updated on 2024-05-11 12:48:14 CEST.
Flavor | Version | Tinstall | Tcheck | Ttotal | Status | Flags |
---|---|---|---|---|---|---|
r-devel-linux-x86_64-debian-clang | 0.99.6 | 7.33 | 129.95 | 137.28 | NOTE | |
r-devel-linux-x86_64-debian-gcc | 0.99.6 | 4.73 | 93.78 | 98.51 | NOTE | |
r-devel-linux-x86_64-fedora-clang | 0.99.6 | 168.26 | NOTE | |||
r-devel-linux-x86_64-fedora-gcc | 0.99.6 | 235.28 | NOTE | |||
r-devel-windows-x86_64 | 0.99.6 | 6.00 | 118.00 | 124.00 | NOTE | |
r-patched-linux-x86_64 | 0.99.6 | 7.23 | 124.17 | 131.40 | NOTE | |
r-release-linux-x86_64 | 0.99.6 | 5.67 | 122.45 | 128.12 | NOTE | |
r-release-macos-arm64 | 0.99.6 | 57.00 | NOTE | |||
r-release-windows-x86_64 | 0.99.6 | 7.00 | 115.00 | 122.00 | NOTE | |
r-oldrel-macos-arm64 | 0.99.6 | 58.00 | NOTE | |||
r-oldrel-macos-x86_64 | 0.99.6 | 84.00 | NOTE | |||
r-oldrel-windows-x86_64 | 0.99.6 | 7.00 | 134.00 | 141.00 | NOTE |
Version: 0.99.6
Check: LazyData
Result: NOTE
'LazyData' is specified without a 'data' directory
Flavors: r-devel-linux-x86_64-debian-clang, r-devel-linux-x86_64-debian-gcc, r-devel-linux-x86_64-fedora-clang, r-devel-linux-x86_64-fedora-gcc, r-devel-windows-x86_64, r-patched-linux-x86_64, r-release-linux-x86_64, r-release-macos-arm64, r-release-windows-x86_64, r-oldrel-macos-arm64, r-oldrel-macos-x86_64, r-oldrel-windows-x86_64
Version: 0.99.6
Check: dependencies in R code
Result: NOTE
Namespace in Imports field not imported from: ‘data.table’
All declared Imports should be used.
Flavors: r-devel-linux-x86_64-fedora-clang, r-devel-linux-x86_64-fedora-gcc