Last updated on 2025-11-04 07:50:06 CET.
| Flavor | Version | Tinstall | Tcheck | Ttotal | Status | Flags | 
|---|---|---|---|---|---|---|
| r-devel-linux-x86_64-debian-clang | 1.1.2 | 25.62 | 159.46 | 185.08 | OK | |
| r-devel-linux-x86_64-debian-gcc | 1.1.2 | 15.26 | 108.47 | 123.73 | OK | |
| r-devel-linux-x86_64-fedora-clang | 1.1.2 | 55.00 | 225.52 | 280.52 | OK | |
| r-devel-linux-x86_64-fedora-gcc | 1.1.2 | 52.00 | 215.34 | 267.34 | OK | |
| r-devel-windows-x86_64 | 1.1.2 | 24.00 | 145.00 | 169.00 | OK | |
| r-patched-linux-x86_64 | 1.1.2 | 25.14 | 145.78 | 170.92 | OK | |
| r-release-linux-x86_64 | 1.1.2 | 23.65 | 145.51 | 169.16 | OK | |
| r-release-macos-arm64 | 1.1.2 | 10.00 | 48.00 | 58.00 | OK | |
| r-release-macos-x86_64 | 1.1.2 | 43.00 | 196.00 | 239.00 | OK | |
| r-release-windows-x86_64 | 1.1.2 | 24.00 | 143.00 | 167.00 | OK | |
| r-oldrel-macos-arm64 | 1.1.2 | 11.00 | 57.00 | 68.00 | NOTE | |
| r-oldrel-macos-x86_64 | 1.1.2 | 48.00 | 188.00 | 236.00 | NOTE | |
| r-oldrel-windows-x86_64 | 1.1.2 | 36.00 | 194.00 | 230.00 | NOTE | 
Version: 1.1.2
Check: installed package size
Result: NOTE
    installed size is  7.4Mb
    sub-directories of 1Mb or more:
      R      1.4Mb
      data   4.9Mb
      help   1.1Mb
Flavors: r-oldrel-macos-arm64, r-oldrel-macos-x86_64, r-oldrel-windows-x86_64