CRAN Package Check Results for Package rCBA

Last updated on 2025-05-03 22:50:05 CEST.

Flavor Version Tinstall Tcheck Ttotal Status Flags
r-devel-linux-x86_64-debian-clang 0.4.3 9.76 88.53 98.29 OK
r-devel-linux-x86_64-debian-gcc 0.4.3 6.77 65.44 72.21 NOTE
r-devel-linux-x86_64-fedora-clang 0.4.3 156.31 OK
r-devel-linux-x86_64-fedora-gcc 0.4.3 147.07 OK
r-devel-windows-x86_64 0.4.3 11.00 98.00 109.00 OK
r-patched-linux-x86_64 0.4.3 10.52 85.58 96.10 OK
r-release-linux-x86_64 OK
r-release-macos-arm64 0.4.3 47.00 OK
r-release-macos-x86_64 0.4.3 79.00 OK
r-release-windows-x86_64 0.4.3 10.00 90.00 100.00 OK
r-oldrel-macos-arm64 0.4.3 43.00 NOTE
r-oldrel-macos-x86_64 0.4.3 69.00 NOTE
r-oldrel-windows-x86_64 0.4.3 13.00 111.00 124.00 NOTE

Check Details

Version: 0.4.3
Check: examples
Result: NOTE Examples with CPU time > 2.5 times elapsed time user system elapsed ratio buildFPGrowth 2.126 0.121 0.836 2.688 Flavor: r-devel-linux-x86_64-debian-gcc

Version: 0.4.3
Check: LazyData
Result: NOTE 'LazyData' is specified without a 'data' directory Flavors: r-oldrel-macos-arm64, r-oldrel-macos-x86_64, r-oldrel-windows-x86_64