Last updated on 2025-02-21 13:50:59 CET.
Flavor | Version | Tinstall | Tcheck | Ttotal | Status | Flags |
---|---|---|---|---|---|---|
r-devel-linux-x86_64-debian-clang | 1.0.2 | 6.20 | 74.16 | 80.36 | NOTE | |
r-devel-linux-x86_64-debian-gcc | 1.0.2 | 4.63 | 51.28 | 55.91 | NOTE | |
r-devel-linux-x86_64-fedora-clang | 1.0.2 | 125.92 | NOTE | |||
r-devel-linux-x86_64-fedora-gcc | 1.0.2 | 119.59 | NOTE | |||
r-devel-macos-arm64 | 1.0.2 | 40.00 | OK | |||
r-devel-macos-x86_64 | 1.0.2 | 78.00 | NOTE | |||
r-devel-windows-x86_64 | 1.0.2 | 9.00 | 85.00 | 94.00 | NOTE | |
r-patched-linux-x86_64 | 1.0.2 | 6.47 | 68.39 | 74.86 | OK | |
r-release-linux-x86_64 | 1.0.2 | 5.85 | 67.42 | 73.27 | OK | |
r-release-macos-arm64 | 1.0.2 | 200.00 | OK | |||
r-release-macos-x86_64 | 1.0.2 | 217.00 | OK | |||
r-release-windows-x86_64 | 1.0.2 | 8.00 | 85.00 | 93.00 | OK | |
r-oldrel-macos-arm64 | 1.0.2 | 204.00 | OK | |||
r-oldrel-macos-x86_64 | 1.0.2 | 219.00 | OK | |||
r-oldrel-windows-x86_64 | 1.0.2 | 10.00 | 101.00 | 111.00 | OK |
Version: 1.0.2
Check: DESCRIPTION meta-information
Result: NOTE
Missing dependency on R >= 4.1.0 because package code uses the pipe
|> or function shorthand \(...) syntax added in R 4.1.0.
File(s) using such syntax:
‘BMG_format.R’ ‘calculate_MS.R’ ‘convert_tables.R’ ‘get_meta.R’
‘get_real.R’ ‘get_wells.R’ ‘normalize_RFU.R’ ‘organize_tables.R’
‘plate_view.R’ ‘separate_raw.R’
Flavors: r-devel-linux-x86_64-debian-clang, r-devel-linux-x86_64-debian-gcc, r-devel-linux-x86_64-fedora-clang, r-devel-linux-x86_64-fedora-gcc, r-devel-macos-x86_64, r-devel-windows-x86_64