Last updated on 2024-05-05 13:55:56 CEST.
Flavor | Version | Tinstall | Tcheck | Ttotal | Status | Flags |
---|---|---|---|---|---|---|
r-devel-linux-x86_64-debian-clang | 1.4 | 4.67 | 118.30 | 122.97 | OK | |
r-devel-linux-x86_64-debian-gcc | 1.4 | 3.85 | 87.49 | 91.34 | OK | |
r-devel-linux-x86_64-fedora-clang | 1.4 | 182.26 | OK | |||
r-devel-linux-x86_64-fedora-gcc | 1.4 | 191.13 | OK | |||
r-devel-windows-x86_64 | 1.4 | 6.00 | 129.00 | 135.00 | OK | |
r-patched-linux-x86_64 | 1.4 | 5.55 | 115.21 | 120.76 | OK | |
r-release-linux-x86_64 | 1.4 | 5.35 | 114.93 | 120.28 | OK | |
r-release-macos-arm64 | 1.4 | 34.00 | OK | |||
r-release-macos-x86_64 | 1.4 | 59.00 | NOTE | |||
r-release-windows-x86_64 | 1.4 | 6.00 | 133.00 | 139.00 | OK | |
r-oldrel-macos-arm64 | 1.4 | 31.00 | OK | |||
r-oldrel-macos-x86_64 | 1.4 | 53.00 | OK | |||
r-oldrel-windows-x86_64 | 1.4 | 7.00 | 136.00 | 143.00 | OK |
Version: 1.4
Check: package vignettes
Result: NOTE
Package has ‘vignettes’ subdirectory but apparently no vignettes.
Perhaps the ‘VignetteBuilder’ information is missing from the
DESCRIPTION file?
Flavor: r-release-macos-x86_64