Last updated on 2025-02-22 12:50:45 CET.
Flavor | Version | Tinstall | Tcheck | Ttotal | Status | Flags |
---|---|---|---|---|---|---|
r-devel-linux-x86_64-debian-clang | 0.1.2 | 4.97 | 41.09 | 46.06 | OK | |
r-devel-linux-x86_64-debian-gcc | 0.1.2 | 3.53 | 29.36 | 32.89 | OK | |
r-devel-linux-x86_64-fedora-clang | 0.1.2 | 78.62 | OK | |||
r-devel-linux-x86_64-fedora-gcc | 0.1.2 | 73.59 | OK | |||
r-devel-macos-arm64 | 0.1.2 | 25.00 | OK | |||
r-devel-macos-x86_64 | 0.1.2 | 44.00 | OK | |||
r-devel-windows-x86_64 | 0.1.2 | 6.00 | 59.00 | 65.00 | OK | |
r-patched-linux-x86_64 | 0.1.2 | 4.74 | 38.10 | 42.84 | NOTE | |
r-release-linux-x86_64 | 0.1.2 | 5.22 | 37.91 | 43.13 | NOTE | |
r-release-macos-arm64 | 0.1.2 | 25.00 | NOTE | |||
r-release-macos-x86_64 | 0.1.2 | 36.00 | NOTE | |||
r-release-windows-x86_64 | 0.1.2 | 6.00 | 57.00 | 63.00 | NOTE | |
r-oldrel-macos-arm64 | 0.1.2 | 26.00 | NOTE | |||
r-oldrel-macos-x86_64 | 0.1.2 | 40.00 | NOTE | |||
r-oldrel-windows-x86_64 | 0.1.2 | 8.00 | 64.00 | 72.00 | NOTE |
Version: 0.1.2
Check: LazyData
Result: NOTE
'LazyData' is specified without a 'data' directory
Flavors: r-patched-linux-x86_64, r-release-linux-x86_64, r-release-macos-arm64, r-release-macos-x86_64, r-release-windows-x86_64, r-oldrel-macos-arm64, r-oldrel-macos-x86_64, r-oldrel-windows-x86_64