CRAN Package Check Results for Package qpcR

Last updated on 2025-06-30 15:49:47 CEST.

Flavor Version Tinstall Tcheck Ttotal Status Flags
r-devel-linux-x86_64-debian-clang 1.4-2 15.31 129.10 144.41 OK
r-devel-linux-x86_64-debian-gcc 1.4-2 12.14 88.48 100.62 OK
r-devel-linux-x86_64-fedora-clang 1.4-2 228.32 OK
r-devel-linux-x86_64-fedora-gcc 1.4-2 214.00 OK
r-devel-windows-x86_64 1.4-2 22.00 154.00 176.00 OK
r-patched-linux-x86_64 OK
r-release-linux-x86_64 1.4-2 12.58 124.23 136.81 OK
r-release-macos-arm64 1.4-2 60.00 OK
r-release-macos-x86_64 1.4-2 127.00 OK
r-release-windows-x86_64 1.4-2 22.00 156.00 178.00 OK
r-oldrel-macos-arm64 1.4-2 64.00 NOTE
r-oldrel-macos-x86_64 1.4-2 184.00 NOTE
r-oldrel-windows-x86_64 1.4-2 27.00 195.00 222.00 OK

Check Details

Version: 1.4-2
Check: installed package size
Result: NOTE installed size is 5.0Mb sub-directories of 1Mb or more: data 3.7Mb Flavors: r-oldrel-macos-arm64, r-oldrel-macos-x86_64