Last updated on 2025-02-22 12:50:45 CET.
Flavor | Version | Tinstall | Tcheck | Ttotal | Status | Flags |
---|---|---|---|---|---|---|
r-devel-linux-x86_64-debian-clang | 1.0.0 | 1.69 | 16.29 | 17.98 | OK | |
r-devel-linux-x86_64-debian-gcc | 1.0.0 | 1.32 | 13.84 | 15.16 | OK | |
r-devel-linux-x86_64-fedora-clang | 1.0.0 | 30.11 | OK | |||
r-devel-linux-x86_64-fedora-gcc | 1.0.0 | 27.39 | OK | |||
r-devel-macos-arm64 | 1.0.0 | 15.00 | OK | |||
r-devel-macos-x86_64 | 1.0.0 | 32.00 | OK | |||
r-devel-windows-x86_64 | 1.0.0 | 2.00 | 38.00 | 40.00 | OK | |
r-patched-linux-x86_64 | 1.0.0 | 1.60 | 15.86 | 17.46 | NOTE | |
r-release-linux-x86_64 | 1.0.0 | 1.47 | 15.92 | 17.39 | NOTE | |
r-release-macos-arm64 | 1.0.0 | 15.00 | NOTE | |||
r-release-macos-x86_64 | 1.0.0 | 20.00 | NOTE | |||
r-release-windows-x86_64 | 1.0.0 | 2.00 | 39.00 | 41.00 | NOTE | |
r-oldrel-macos-arm64 | 1.0.0 | 16.00 | NOTE | |||
r-oldrel-macos-x86_64 | 1.0.0 | 20.00 | NOTE | |||
r-oldrel-windows-x86_64 | 1.0.0 | 2.00 | 39.00 | 41.00 | NOTE |
Version: 1.0.0
Check: LazyData
Result: NOTE
'LazyData' is specified without a 'data' directory
Flavors: r-patched-linux-x86_64, r-release-linux-x86_64, r-release-macos-arm64, r-release-macos-x86_64, r-release-windows-x86_64, r-oldrel-macos-arm64, r-oldrel-macos-x86_64, r-oldrel-windows-x86_64