Last updated on 2025-02-22 12:50:45 CET.
Flavor | Version | Tinstall | Tcheck | Ttotal | Status | Flags |
---|---|---|---|---|---|---|
r-devel-linux-x86_64-debian-clang | 0.0.3 | 2.80 | 27.96 | 30.76 | OK | |
r-devel-linux-x86_64-debian-gcc | 0.0.3 | 2.13 | 22.28 | 24.41 | OK | |
r-devel-linux-x86_64-fedora-clang | 0.0.3 | 52.24 | OK | |||
r-devel-linux-x86_64-fedora-gcc | 0.0.3 | 62.12 | OK | |||
r-devel-macos-arm64 | 0.0.3 | 35.00 | OK | |||
r-devel-macos-x86_64 | 0.0.3 | 45.00 | OK | |||
r-devel-windows-x86_64 | 0.0.3 | 4.00 | 56.00 | 60.00 | OK | |
r-patched-linux-x86_64 | 0.0.3 | 2.87 | 26.88 | 29.75 | NOTE | |
r-release-linux-x86_64 | 0.0.3 | 2.67 | 26.83 | 29.50 | NOTE | |
r-release-macos-arm64 | 0.0.3 | 25.00 | NOTE | |||
r-release-macos-x86_64 | 0.0.3 | 38.00 | NOTE | |||
r-release-windows-x86_64 | 0.0.3 | 4.00 | 49.00 | 53.00 | NOTE | |
r-oldrel-macos-arm64 | 0.0.3 | 24.00 | NOTE | |||
r-oldrel-macos-x86_64 | 0.0.3 | 37.00 | NOTE | |||
r-oldrel-windows-x86_64 | 0.0.3 | 4.00 | 50.00 | 54.00 | NOTE |
Version: 0.0.3
Check: LazyData
Result: NOTE
'LazyData' is specified without a 'data' directory
Flavors: r-patched-linux-x86_64, r-release-linux-x86_64, r-release-macos-arm64, r-release-macos-x86_64, r-release-windows-x86_64, r-oldrel-macos-arm64, r-oldrel-macos-x86_64, r-oldrel-windows-x86_64