CRAN Package Check Results for Package prqlr

Last updated on 2025-06-30 15:49:47 CEST.

Flavor Version Tinstall Tcheck Ttotal Status Flags
r-devel-linux-x86_64-debian-clang 0.10.1 691.53 43.36 734.89 OK
r-devel-linux-x86_64-debian-gcc 0.10.1 524.45 34.06 558.51 OK
r-devel-linux-x86_64-fedora-clang 0.10.1 1199.45 OK
r-devel-linux-x86_64-fedora-gcc 0.10.1 1204.54 OK
r-devel-windows-x86_64 0.10.1 405.00 175.00 580.00 OK
r-patched-linux-x86_64 OK
r-release-linux-x86_64 0.10.1 699.24 38.83 738.07 OK
r-release-macos-arm64 0.10.1 254.00 OK
r-release-macos-x86_64 0.10.1 274.00 OK
r-release-windows-x86_64 0.10.1 431.00 161.00 592.00 OK
r-oldrel-macos-arm64 0.10.1 226.00 NOTE
r-oldrel-macos-x86_64 0.10.1 227.00 NOTE
r-oldrel-windows-x86_64 0.10.1 429.00 275.00 704.00 NOTE

Additional issues

M1mac

Check Details

Version: 0.10.1
Check: installed package size
Result: NOTE installed size is 29.6Mb sub-directories of 1Mb or more: libs 29.4Mb Flavors: r-oldrel-macos-arm64, r-oldrel-macos-x86_64, r-oldrel-windows-x86_64