Last updated on 2025-11-24 07:50:10 CET.
| Flavor | Version | Tinstall | Tcheck | Ttotal | Status | Flags |
|---|---|---|---|---|---|---|
| r-devel-linux-x86_64-debian-clang | 0.4-27 | 4.35 | 33.99 | 38.34 | WARN | |
| r-devel-linux-x86_64-debian-gcc | 0.4-27 | 4.07 | 25.88 | 29.95 | WARN | |
| r-devel-linux-x86_64-fedora-clang | 0.4-27 | 11.00 | 48.48 | 59.48 | WARN | |
| r-devel-linux-x86_64-fedora-gcc | 0.4-27 | 16.00 | 57.62 | 73.62 | WARN | |
| r-devel-windows-x86_64 | 0.4-27 | 13.00 | 66.00 | 79.00 | WARN | |
| r-patched-linux-x86_64 | 0.4-27 | 4.81 | 31.79 | 36.60 | NOTE | |
| r-release-linux-x86_64 | 0.4-27 | 4.36 | 32.05 | 36.41 | NOTE | |
| r-release-macos-arm64 | 0.4-27 | NOTE | ||||
| r-release-macos-x86_64 | 0.4-27 | 5.00 | 48.00 | 53.00 | NOTE | |
| r-release-windows-x86_64 | 0.4-27 | 11.00 | 79.00 | 90.00 | NOTE | |
| r-oldrel-macos-arm64 | 0.4-27 | OK | ||||
| r-oldrel-macos-x86_64 | 0.4-27 | 4.00 | 41.00 | 45.00 | OK | |
| r-oldrel-windows-x86_64 | 0.4-27 | 10.00 | 72.00 | 82.00 | OK |
Version: 0.4-27
Check: compiled code
Result: WARN
File ‘proxy/libs/proxy.so’:
Found non-API calls to R: ‘OBJECT’, ‘Rf_NonNullStringMatch’,
‘SET_OBJECT’
These entry points may be removed soon:
‘Rf_NonNullStringMatch’, ‘OBJECT’
Compiled code should not call non-API entry points in R.
See ‘Writing portable packages’ in the ‘Writing R Extensions’ manual,
and section ‘Moving into C API compliance’ for issues with the use of
non-API entry points.
Flavors: r-devel-linux-x86_64-debian-clang, r-devel-linux-x86_64-debian-gcc, r-devel-linux-x86_64-fedora-clang, r-devel-linux-x86_64-fedora-gcc
Version: 0.4-27
Check: compiled code
Result: WARN
File 'proxy/libs/x64/proxy.dll':
Found non-API calls to R: 'OBJECT', 'Rf_NonNullStringMatch',
'SET_OBJECT'
These entry points may be removed soon:
'Rf_NonNullStringMatch', 'OBJECT'
Compiled code should not call non-API entry points in R.
See 'Writing portable packages' in the 'Writing R Extensions' manual,
and section 'Moving into C API compliance' for issues with the use of
non-API entry points.
Flavor: r-devel-windows-x86_64
Version: 0.4-27
Check: compiled code
Result: NOTE
File ‘proxy/libs/proxy.so’:
Found non-API calls to R: ‘OBJECT’, ‘Rf_NonNullStringMatch’
Compiled code should not call non-API entry points in R.
See ‘Writing portable packages’ in the ‘Writing R Extensions’ manual,
and section ‘Moving into C API compliance’ for issues with the use of
non-API entry points.
Flavors: r-patched-linux-x86_64, r-release-linux-x86_64, r-release-macos-arm64, r-release-macos-x86_64
Version: 0.4-27
Check: compiled code
Result: NOTE
File 'proxy/libs/x64/proxy.dll':
Found non-API calls to R: 'OBJECT', 'Rf_NonNullStringMatch'
Compiled code should not call non-API entry points in R.
See 'Writing portable packages' in the 'Writing R Extensions' manual,
and section 'Moving into C API compliance' for issues with the use of
non-API entry points.
Flavor: r-release-windows-x86_64