CRAN Package Check Results for Package protolite

Last updated on 2025-06-30 15:49:47 CEST.

Flavor Version Tinstall Tcheck Ttotal Status Flags
r-devel-linux-x86_64-debian-clang 2.3.1 44.17 28.03 72.20 OK
r-devel-linux-x86_64-debian-gcc 2.3.1 36.01 22.35 58.36 OK
r-devel-linux-x86_64-fedora-clang 2.3.1 136.63 OK
r-devel-linux-x86_64-fedora-gcc 2.3.1 136.94 OK
r-devel-windows-x86_64 2.3.1 59.00 88.00 147.00 OK
r-patched-linux-x86_64 OK
r-release-linux-x86_64 2.3.1 47.15 26.57 73.72 OK
r-release-macos-arm64 2.3.1 41.00 OK
r-release-macos-x86_64 2.3.1 48.00 OK
r-release-windows-x86_64 2.3.1 62.00 85.00 147.00 OK
r-oldrel-macos-arm64 2.3.1 46.00 NOTE
r-oldrel-macos-x86_64 2.3.1 71.00 NOTE
r-oldrel-windows-x86_64 2.3.1 63.00 99.00 162.00 OK

Check Details

Version: 2.3.1
Check: installed package size
Result: NOTE installed size is 22.1Mb sub-directories of 1Mb or more: libs 22.0Mb Flavors: r-oldrel-macos-arm64, r-oldrel-macos-x86_64