Last updated on 2025-11-04 07:50:03 CET.
| Flavor | Version | Tinstall | Tcheck | Ttotal | Status | Flags |
|---|---|---|---|---|---|---|
| r-devel-linux-x86_64-debian-clang | 0.0.1 | 7.35 | 41.29 | 48.64 | OK | |
| r-devel-linux-x86_64-debian-gcc | 0.0.1 | 6.66 | 31.94 | 38.60 | OK | |
| r-devel-linux-x86_64-fedora-clang | 0.0.1 | 16.00 | 53.67 | 69.67 | OK | |
| r-devel-linux-x86_64-fedora-gcc | 0.0.1 | 17.00 | 50.92 | 67.92 | OK | |
| r-devel-windows-x86_64 | 0.0.1 | 10.00 | 60.00 | 70.00 | OK | |
| r-patched-linux-x86_64 | 0.0.1 | 7.94 | 39.29 | 47.23 | OK | |
| r-release-linux-x86_64 | 0.0.1 | 7.35 | 38.62 | 45.97 | OK | |
| r-release-macos-arm64 | 0.0.1 | 6.00 | 25.00 | 31.00 | OK | |
| r-release-macos-x86_64 | 0.0.1 | 9.00 | 40.00 | 49.00 | OK | |
| r-release-windows-x86_64 | 0.0.1 | 9.00 | 58.00 | 67.00 | OK | |
| r-oldrel-macos-arm64 | 0.0.1 | 5.00 | 24.00 | 29.00 | OK | |
| r-oldrel-macos-x86_64 | 0.0.1 | 8.00 | 34.00 | 42.00 | NOTE | |
| r-oldrel-windows-x86_64 | 0.0.1 | 13.00 | 70.00 | 83.00 | OK |
Version: 0.0.1
Check: installed package size
Result: NOTE
installed size is 5.0Mb
sub-directories of 1Mb or more:
data 4.9Mb
Flavor: r-oldrel-macos-x86_64