Last updated on 2025-02-21 13:50:59 CET.
Flavor | Version | Tinstall | Tcheck | Ttotal | Status | Flags |
---|---|---|---|---|---|---|
r-devel-linux-x86_64-debian-clang | 1.1 | 21.50 | 29.63 | 51.13 | NOTE | |
r-devel-linux-x86_64-debian-gcc | 1.1 | 14.79 | 22.42 | 37.21 | NOTE | |
r-devel-linux-x86_64-fedora-clang | 1.1 | 91.03 | NOTE | |||
r-devel-linux-x86_64-fedora-gcc | 1.1 | 86.57 | NOTE | |||
r-devel-macos-arm64 | 1.1 | 28.00 | NOTE | |||
r-devel-macos-x86_64 | 1.1 | 45.00 | NOTE | |||
r-devel-windows-x86_64 | 1.1 | 22.00 | 70.00 | 92.00 | NOTE | |
r-patched-linux-x86_64 | 1.1 | 23.31 | 28.02 | 51.33 | NOTE | |
r-release-linux-x86_64 | 1.1 | 21.68 | 28.15 | 49.83 | NOTE | |
r-release-macos-arm64 | 1.1 | 27.00 | NOTE | |||
r-release-macos-x86_64 | 1.1 | 41.00 | NOTE | |||
r-release-windows-x86_64 | 1.1 | 25.00 | 72.00 | 97.00 | NOTE | |
r-oldrel-macos-arm64 | 1.1 | 28.00 | NOTE | |||
r-oldrel-macos-x86_64 | 1.1 | 45.00 | NOTE | |||
r-oldrel-windows-x86_64 | 1.1 | 28.00 | 84.00 | 112.00 | NOTE |
Version: 1.1
Check: C++ specification
Result: NOTE
Specified C++11: please drop specification unless essential
Flavors: r-devel-linux-x86_64-debian-clang, r-devel-linux-x86_64-debian-gcc, r-devel-linux-x86_64-fedora-clang, r-devel-linux-x86_64-fedora-gcc, r-devel-macos-arm64, r-devel-macos-x86_64, r-devel-windows-x86_64, r-patched-linux-x86_64, r-release-linux-x86_64, r-release-macos-arm64, r-release-macos-x86_64, r-release-windows-x86_64, r-oldrel-macos-arm64, r-oldrel-macos-x86_64, r-oldrel-windows-x86_64