Last updated on 2024-05-11 12:48:10 CEST.
Flavor | Version | Tinstall | Tcheck | Ttotal | Status | Flags |
---|---|---|---|---|---|---|
r-devel-linux-x86_64-debian-clang | 0.2.4 | 8.72 | 568.88 | 577.60 | OK | |
r-devel-linux-x86_64-debian-gcc | 0.2.4 | 7.38 | 398.78 | 406.16 | OK | |
r-devel-linux-x86_64-fedora-clang | 0.2.4 | 653.21 | NOTE | |||
r-devel-linux-x86_64-fedora-gcc | 0.2.4 | 688.03 | OK | |||
r-devel-windows-x86_64 | 0.2.4 | 9.00 | 442.00 | 451.00 | NOTE | |
r-patched-linux-x86_64 | 0.2.4 | 7.21 | 542.18 | 549.39 | OK | |
r-release-linux-x86_64 | 0.2.4 | 6.64 | 542.22 | 548.86 | OK | |
r-release-macos-arm64 | 0.2.4 | 190.00 | NOTE | |||
r-release-macos-x86_64 | 0.2.4 | 544.00 | NOTE | |||
r-release-windows-x86_64 | 0.2.4 | 10.00 | 437.00 | 447.00 | NOTE | |
r-oldrel-macos-arm64 | 0.2.4 | 192.00 | NOTE | |||
r-oldrel-macos-x86_64 | 0.2.4 | 487.00 | NOTE | |||
r-oldrel-windows-x86_64 | 0.2.4 | 12.00 | 527.00 | 539.00 | NOTE |
Version: 0.2.4
Check: installed package size
Result: NOTE
installed size is 11.0Mb
sub-directories of 1Mb or more:
doc 10.5Mb
Flavors: r-devel-linux-x86_64-fedora-clang, r-devel-windows-x86_64, r-release-macos-arm64, r-release-macos-x86_64, r-release-windows-x86_64, r-oldrel-macos-arm64, r-oldrel-macos-x86_64, r-oldrel-windows-x86_64