CRAN Package Check Results for Package portvine

Last updated on 2025-06-30 15:49:46 CEST.

Flavor Version Tinstall Tcheck Ttotal Status Flags
r-devel-linux-x86_64-debian-clang 1.0.3 104.10 396.96 501.06 OK
r-devel-linux-x86_64-debian-gcc 1.0.3 93.91 271.82 365.73 OK
r-devel-linux-x86_64-fedora-clang 1.0.3 804.73 OK
r-devel-linux-x86_64-fedora-gcc 1.0.3 863.61 OK
r-devel-windows-x86_64 1.0.3 121.00 383.00 504.00 OK
r-patched-linux-x86_64 OK
r-release-linux-x86_64 1.0.3 125.63 384.37 510.00 OK
r-release-macos-arm64 1.0.3 176.00 OK
r-release-macos-x86_64 1.0.3 418.00 OK
r-release-windows-x86_64 1.0.3 125.00 390.00 515.00 OK
r-oldrel-macos-arm64 1.0.3 179.00 NOTE
r-oldrel-macos-x86_64 1.0.3 290.00 NOTE
r-oldrel-windows-x86_64 1.0.3 146.00 512.00 658.00 NOTE

Check Details

Version: 1.0.3
Check: installed package size
Result: NOTE installed size is 39.8Mb sub-directories of 1Mb or more: libs 38.6Mb Flavors: r-oldrel-macos-arm64, r-oldrel-macos-x86_64, r-oldrel-windows-x86_64