Last updated on 2025-02-22 12:50:44 CET.
Flavor | Version | Tinstall | Tcheck | Ttotal | Status | Flags |
---|---|---|---|---|---|---|
r-devel-linux-x86_64-debian-clang | 0.1.0 | 2.00 | 19.09 | 21.09 | NOTE | |
r-devel-linux-x86_64-debian-gcc | 0.1.0 | 1.61 | 15.50 | 17.11 | NOTE | |
r-devel-linux-x86_64-fedora-clang | 0.1.0 | 33.64 | NOTE | |||
r-devel-linux-x86_64-fedora-gcc | 0.1.0 | 32.10 | NOTE | |||
r-devel-macos-arm64 | 0.1.0 | 13.00 | OK | |||
r-devel-macos-x86_64 | 0.1.0 | 31.00 | NOTE | |||
r-devel-windows-x86_64 | 0.1.0 | 4.00 | 45.00 | 49.00 | NOTE | |
r-patched-linux-x86_64 | 0.1.0 | 2.23 | 18.41 | 20.64 | OK | |
r-release-linux-x86_64 | 0.1.0 | 1.71 | 18.36 | 20.07 | OK | |
r-release-macos-arm64 | 0.1.0 | 16.00 | OK | |||
r-release-macos-x86_64 | 0.1.0 | 22.00 | OK | |||
r-release-windows-x86_64 | 0.1.0 | 3.00 | 43.00 | 46.00 | OK | |
r-oldrel-macos-arm64 | 0.1.0 | 16.00 | OK | |||
r-oldrel-macos-x86_64 | 0.1.0 | 21.00 | OK | |||
r-oldrel-windows-x86_64 | 0.1.0 | 4.00 | 44.00 | 48.00 | OK |
Version: 0.1.0
Check: DESCRIPTION meta-information
Result: NOTE
Missing dependency on R >= 4.1.0 because package code uses the pipe
|> or function shorthand \(...) syntax added in R 4.1.0.
File(s) using such syntax:
‘hiperfrac.R’ ‘rice.R’
Flavors: r-devel-linux-x86_64-debian-clang, r-devel-linux-x86_64-debian-gcc, r-devel-linux-x86_64-fedora-clang, r-devel-linux-x86_64-fedora-gcc, r-devel-macos-x86_64, r-devel-windows-x86_64