Last updated on 2025-11-24 07:50:09 CET.
| Flavor | Version | Tinstall | Tcheck | Ttotal | Status | Flags |
|---|---|---|---|---|---|---|
| r-devel-linux-x86_64-debian-clang | 0.6.10 | 4.23 | 32.94 | 37.17 | NOTE | |
| r-devel-linux-x86_64-debian-gcc | 0.6.10 | 3.76 | 25.53 | 29.29 | NOTE | |
| r-devel-linux-x86_64-fedora-clang | 0.6.10 | 11.00 | 44.32 | 55.32 | OK | |
| r-devel-linux-x86_64-fedora-gcc | 0.6.10 | 11.00 | 40.26 | 51.26 | OK | |
| r-devel-windows-x86_64 | 0.6.10 | 8.00 | 55.00 | 63.00 | OK | |
| r-patched-linux-x86_64 | 0.6.10 | 5.01 | 30.22 | 35.23 | OK | |
| r-release-linux-x86_64 | 0.6.10 | 4.10 | 30.40 | 34.50 | OK | |
| r-release-macos-arm64 | 0.6.10 | OK | ||||
| r-release-macos-x86_64 | 0.6.10 | 4.00 | 28.00 | 32.00 | OK | |
| r-release-windows-x86_64 | 0.6.10 | 9.00 | 59.00 | 68.00 | OK | |
| r-oldrel-macos-arm64 | 0.6.10 | OK | ||||
| r-oldrel-macos-x86_64 | 0.6.10 | 3.00 | 29.00 | 32.00 | OK | |
| r-oldrel-windows-x86_64 | 0.6.10 | 10.00 | 62.00 | 72.00 | OK |
Version: 0.6.10
Check: CRAN incoming feasibility
Result: NOTE
Maintainer: ‘Michael Lawrence <michafla@gene.com>’
No Authors@R field in DESCRIPTION.
Please add one, modifying
Authors@R: c(person(given = "Michael",
family = "Lawrence",
role = c("aut", "cre"),
email = "michafla@gene.com"),
person(given = "Hadley",
family = "Wickham",
role = "aut"))
as necessary.
Flavors: r-devel-linux-x86_64-debian-clang, r-devel-linux-x86_64-debian-gcc