Last updated on 2024-04-30 12:52:01 CEST.
Flavor | Version | Tinstall | Tcheck | Ttotal | Status | Flags |
---|---|---|---|---|---|---|
r-devel-linux-x86_64-debian-clang | 0.2.1 | 1.95 | 22.81 | 24.76 | NOTE | |
r-devel-linux-x86_64-debian-gcc | 0.2.1 | 1.86 | 17.63 | 19.49 | NOTE | |
r-devel-linux-x86_64-fedora-clang | 0.2.1 | 32.01 | NOTE | |||
r-devel-linux-x86_64-fedora-gcc | 0.2.1 | 29.96 | NOTE | |||
r-devel-windows-x86_64 | 0.2.1 | 4.00 | 39.00 | 43.00 | NOTE | |
r-patched-linux-x86_64 | 0.2.1 | 2.69 | 22.01 | 24.70 | NOTE | |
r-release-linux-x86_64 | 0.2.1 | 1.53 | 22.14 | 23.67 | NOTE | |
r-release-macos-arm64 | 0.2.1 | 15.00 | NOTE | |||
r-release-windows-x86_64 | 0.2.1 | 3.00 | 38.00 | 41.00 | NOTE | |
r-oldrel-macos-arm64 | 0.2.1 | 16.00 | NOTE | |||
r-oldrel-macos-x86_64 | 0.2.1 | 19.00 | NOTE | |||
r-oldrel-windows-x86_64 | 0.2.1 | 5.00 | 39.00 | 44.00 | NOTE |
Version: 0.2.1
Check: LazyData
Result: NOTE
'LazyData' is specified without a 'data' directory
Flavors: r-devel-linux-x86_64-debian-clang, r-devel-linux-x86_64-debian-gcc, r-devel-linux-x86_64-fedora-clang, r-devel-linux-x86_64-fedora-gcc, r-devel-windows-x86_64, r-patched-linux-x86_64, r-release-linux-x86_64, r-release-macos-arm64, r-release-windows-x86_64, r-oldrel-macos-arm64, r-oldrel-macos-x86_64, r-oldrel-windows-x86_64
Version: 0.2.1
Check: dependencies in R code
Result: NOTE
Namespace in Imports field not imported from: ‘ssh’
All declared Imports should be used.
Flavors: r-devel-linux-x86_64-fedora-clang, r-devel-linux-x86_64-fedora-gcc