Last updated on 2025-11-03 07:48:47 CET.
| Flavor | Version | Tinstall | Tcheck | Ttotal | Status | Flags | 
|---|---|---|---|---|---|---|
| r-devel-linux-x86_64-debian-clang | 4.11.0 | 14.60 | 347.73 | 362.33 | OK | |
| r-devel-linux-x86_64-debian-gcc | 4.11.0 | 11.00 | 216.00 | 227.00 | OK | |
| r-devel-linux-x86_64-fedora-clang | 4.11.0 | 82.00 | 482.00 | 564.00 | OK | |
| r-devel-linux-x86_64-fedora-gcc | 4.11.0 | 145.00 | 415.42 | 560.42 | OK | |
| r-devel-windows-x86_64 | 4.11.0 | 20.00 | 278.00 | 298.00 | OK | |
| r-patched-linux-x86_64 | 4.11.0 | 17.49 | 312.70 | 330.19 | OK | |
| r-release-linux-x86_64 | 4.11.0 | 15.05 | 314.79 | 329.84 | OK | |
| r-release-macos-arm64 | 4.11.0 | 8.00 | 100.00 | 108.00 | OK | |
| r-release-macos-x86_64 | 4.11.0 | 14.00 | 179.00 | 193.00 | OK | |
| r-release-windows-x86_64 | 4.11.0 | 19.00 | 276.00 | 295.00 | OK | |
| r-oldrel-macos-arm64 | 4.11.0 | 6.00 | 97.00 | 103.00 | NOTE | |
| r-oldrel-macos-x86_64 | 4.11.0 | 12.00 | 192.00 | 204.00 | NOTE | |
| r-oldrel-windows-x86_64 | 4.11.0 | 31.00 | 366.00 | 397.00 | NOTE | 
Version: 4.11.0
Check: installed package size
Result: NOTE
    installed size is  7.7Mb
    sub-directories of 1Mb or more:
      R             1.0Mb
      examples      1.4Mb
      htmlwidgets   4.0Mb
Flavors: r-oldrel-macos-arm64, r-oldrel-macos-x86_64, r-oldrel-windows-x86_64