CRAN Package Check Results for Package plot3D

Last updated on 2025-02-22 12:50:44 CET.

Flavor Version Tinstall Tcheck Ttotal Status Flags
r-devel-linux-x86_64-debian-clang 1.4.1 16.28 119.33 135.61 NOTE
r-devel-linux-x86_64-debian-gcc 1.4.1 11.70 83.94 95.64 NOTE
r-devel-linux-x86_64-fedora-clang 1.4.1 223.04 OK
r-devel-linux-x86_64-fedora-gcc 1.4.1 228.78 OK
r-devel-macos-arm64 1.4.1 104.00 OK
r-devel-macos-x86_64 1.4.1 171.00 OK
r-devel-windows-x86_64 1.4.1 15.00 174.00 189.00 NOTE
r-patched-linux-x86_64 1.4.1 17.37 114.22 131.59 OK
r-release-linux-x86_64 1.4.1 14.76 113.84 128.60 OK
r-release-macos-arm64 1.4.1 99.00 OK
r-release-macos-x86_64 1.4.1 116.00 OK
r-release-windows-x86_64 1.4.1 13.00 176.00 189.00 OK
r-oldrel-macos-arm64 1.4.1 94.00 OK
r-oldrel-macos-x86_64 1.4.1 254.00 OK
r-oldrel-windows-x86_64 1.4.1 16.00 183.00 199.00 OK

Check Details

Version: 1.4.1
Check: Rd cross-references
Result: NOTE Found the following Rd file(s) with Rd \link{} targets missing package anchors: slice3D.Rd: computeContour3d Please provide package anchors for all Rd \link{} targets not in the package itself and the base packages. Flavors: r-devel-linux-x86_64-debian-clang, r-devel-linux-x86_64-debian-gcc, r-devel-windows-x86_64