CRAN Package Check Results for Package pksensi

Last updated on 2025-06-30 15:49:46 CEST.

Flavor Version Tinstall Tcheck Ttotal Status Flags
r-devel-linux-x86_64-debian-clang 1.2.3 6.76 68.40 75.16 NOTE
r-devel-linux-x86_64-debian-gcc 1.2.3 4.72 50.25 54.97 NOTE
r-devel-linux-x86_64-fedora-clang 1.2.3 118.35 OK
r-devel-linux-x86_64-fedora-gcc 1.2.3 121.48 OK
r-devel-windows-x86_64 1.2.3 9.00 84.00 93.00 OK
r-patched-linux-x86_64 OK
r-release-linux-x86_64 1.2.3 6.16 63.96 70.12 OK
r-release-macos-arm64 1.2.3 42.00 OK
r-release-macos-x86_64 1.2.3 71.00 OK
r-release-windows-x86_64 1.2.3 9.00 82.00 91.00 OK
r-oldrel-macos-arm64 1.2.3 38.00 OK
r-oldrel-macos-x86_64 1.2.3 61.00 OK
r-oldrel-windows-x86_64 1.2.3 11.00 100.00 111.00 OK

Check Details

Version: 1.2.3
Check: CRAN incoming feasibility
Result: NOTE Maintainer: ‘Nan-Hung Hsieh <d99622005@ntu.edu.tw>’ Package CITATION file contains call(s) to old-style personList() or as.personList(). Please use c() on person objects instead. Package CITATION file contains call(s) to old-style citEntry(). Please use bibentry() instead. Flavors: r-devel-linux-x86_64-debian-clang, r-devel-linux-x86_64-debian-gcc