CRAN Package Check Results for Package pivottabler

Last updated on 2025-06-30 15:49:46 CEST.

Flavor Version Tinstall Tcheck Ttotal Status Flags
r-devel-linux-x86_64-debian-clang 1.5.6 36.63 133.80 170.43 OK
r-devel-linux-x86_64-debian-gcc 1.5.6 22.77 86.31 109.08 OK
r-devel-linux-x86_64-fedora-clang 1.5.6 258.71 OK
r-devel-linux-x86_64-fedora-gcc 1.5.6 252.52 OK
r-devel-windows-x86_64 1.5.6 36.00 153.00 189.00 OK
r-patched-linux-x86_64 OK
r-release-linux-x86_64 1.5.6 30.32 118.48 148.80 OK
r-release-macos-arm64 1.5.6 66.00 OK
r-release-macos-x86_64 1.5.6 176.00 OK
r-release-windows-x86_64 1.5.6 35.00 150.00 185.00 OK
r-oldrel-macos-arm64 1.5.6 71.00 NOTE
r-oldrel-macos-x86_64 1.5.6 147.00 NOTE
r-oldrel-windows-x86_64 1.5.6 50.00 186.00 236.00 OK

Check Details

Version: 1.5.6
Check: installed package size
Result: NOTE installed size is 5.3Mb sub-directories of 1Mb or more: R 2.1Mb data 2.0Mb Flavors: r-oldrel-macos-arm64, r-oldrel-macos-x86_64