CRAN Package Check Results for Package phylotools

Last updated on 2025-04-16 15:52:54 CEST.

Flavor Version Tinstall Tcheck Ttotal Status Flags
r-devel-linux-x86_64-debian-clang 0.2.2 2.59 27.13 29.72 NOTE
r-devel-linux-x86_64-debian-gcc 0.2.2 1.96 21.38 23.34 NOTE
r-devel-linux-x86_64-fedora-clang 0.2.2 48.30 OK
r-devel-linux-x86_64-fedora-gcc 0.2.2 46.06 OK
r-devel-windows-x86_64 0.2.2 4.00 50.00 54.00 NOTE
r-patched-linux-x86_64 0.2.2 2.58 26.76 29.34 NOTE
r-release-linux-x86_64 0.2.2 2.78 26.49 29.27 NOTE
r-release-macos-arm64 0.2.2 21.00 OK
r-release-macos-x86_64 0.2.2 30.00 OK
r-release-windows-x86_64 0.2.2 4.00 51.00 55.00 NOTE
r-oldrel-macos-arm64 0.2.2 19.00 OK
r-oldrel-macos-x86_64 0.2.2 36.00 OK
r-oldrel-windows-x86_64 0.2.2 5.00 54.00 59.00 OK

Check Details

Version: 0.2.2
Check: Rd cross-references
Result: NOTE Found the following Rd file(s) with Rd \link{} targets missing package anchors: sub.taxa.label.Rd: read.tree Please provide package anchors for all Rd \link{} targets not in the package itself and the base packages. Flavors: r-devel-linux-x86_64-debian-clang, r-devel-linux-x86_64-debian-gcc, r-devel-windows-x86_64, r-patched-linux-x86_64, r-release-linux-x86_64, r-release-windows-x86_64