Last updated on 2025-02-21 13:50:58 CET.
Flavor | Version | Tinstall | Tcheck | Ttotal | Status | Flags |
---|---|---|---|---|---|---|
r-devel-linux-x86_64-debian-clang | 1.7-0 | 8.16 | 63.06 | 71.22 | NOTE | |
r-devel-linux-x86_64-debian-gcc | 1.7-0 | 6.63 | 48.04 | 54.67 | NOTE | |
r-devel-linux-x86_64-fedora-clang | 1.7-0 | 113.57 | NOTE | |||
r-devel-linux-x86_64-fedora-gcc | 1.7-0 | 110.52 | NOTE | |||
r-devel-macos-arm64 | 1.7-0 | 36.00 | NOTE | |||
r-devel-macos-x86_64 | 1.7-0 | 67.00 | NOTE | |||
r-devel-windows-x86_64 | 1.7-0 | 11.00 | 90.00 | 101.00 | NOTE | |
r-patched-linux-x86_64 | 1.7-0 | 8.05 | 60.09 | 68.14 | NOTE | |
r-release-linux-x86_64 | 1.7-0 | 7.96 | 59.51 | 67.47 | NOTE | |
r-release-macos-arm64 | 1.7-0 | 35.00 | NOTE | |||
r-release-macos-x86_64 | 1.7-0 | 54.00 | NOTE | |||
r-release-windows-x86_64 | 1.7-0 | 12.00 | 82.00 | 94.00 | NOTE | |
r-oldrel-macos-arm64 | 1.7-0 | 42.00 | NOTE | |||
r-oldrel-macos-x86_64 | 1.7-0 | 62.00 | NOTE | |||
r-oldrel-windows-x86_64 | 1.7-0 | 13.00 | 92.00 | 105.00 | NOTE |
Version: 1.7-0
Check: Rd files
Result: NOTE
checkRd: (-1) connectedSets.Rd:27: Escaped LaTeX specials: \_ \_
checkRd: (-1) connectedSets.Rd:29: Escaped LaTeX specials: \_ \_
checkRd: (-1) connectedSets.Rd:31: Escaped LaTeX specials: \_ \_
checkRd: (-1) maxConnectedSet.Rd:35: Escaped LaTeX specials: \_ \_ \_ \_ \_ \_ \_ \_
checkRd: (-1) maxConnectedSet.Rd:37: Escaped LaTeX specials: \_ \_ \_ \_ \_ \_ \_ \_ \_ \_
checkRd: (-1) maxConnectedSet.Rd:39: Escaped LaTeX specials: \_ \_ \_ \_ \_ \_ \_ \_ \_ \_
checkRd: (-1) maxConnectedSet.Rd:41: Escaped LaTeX specials: \_ \_ \_ \_ \_ \_ \_ \_ \_ \_
checkRd: (-1) maxConnectedSet.Rd:45: Escaped LaTeX specials: \_ \_ \_ \_ \_ \_ \_ \_ \_ \_
checkRd: (-1) maxConnectedSet.Rd:47: Escaped LaTeX specials: \_ \_
Flavors: r-devel-linux-x86_64-debian-clang, r-devel-linux-x86_64-debian-gcc, r-devel-linux-x86_64-fedora-clang, r-devel-linux-x86_64-fedora-gcc, r-devel-macos-arm64, r-devel-macos-x86_64, r-devel-windows-x86_64, r-patched-linux-x86_64, r-release-linux-x86_64, r-release-macos-arm64, r-release-macos-x86_64, r-release-windows-x86_64, r-oldrel-macos-arm64, r-oldrel-macos-x86_64, r-oldrel-windows-x86_64