Last updated on 2024-05-09 12:49:19 CEST.
Flavor | Version | Tinstall | Tcheck | Ttotal | Status | Flags |
---|---|---|---|---|---|---|
r-devel-linux-x86_64-debian-clang | 1.13 | 6.60 | 31.54 | 38.14 | OK | |
r-devel-linux-x86_64-debian-gcc | 1.13 | 7.37 | 23.35 | 30.72 | OK | |
r-devel-linux-x86_64-fedora-clang | 1.13 | 50.18 | NOTE | |||
r-devel-linux-x86_64-fedora-gcc | 1.13 | 54.12 | NOTE | |||
r-devel-windows-x86_64 | 1.13 | 11.00 | 50.00 | 61.00 | OK | |
r-patched-linux-x86_64 | 1.13 | 8.51 | 29.45 | 37.96 | OK | |
r-release-linux-x86_64 | 1.13 | 6.73 | 29.95 | 36.68 | OK | |
r-release-macos-arm64 | 1.13 | 22.00 | OK | |||
r-release-windows-x86_64 | 1.13 | 12.00 | 47.00 | 59.00 | OK | |
r-oldrel-macos-arm64 | 1.13 | 22.00 | OK | |||
r-oldrel-macos-x86_64 | 1.13 | 37.00 | OK | |||
r-oldrel-windows-x86_64 | 1.13 | 14.00 | 52.00 | 66.00 | OK |
Version: 1.13
Check: dependencies in R code
Result: NOTE
Namespaces in Imports field not imported from:
‘MASS’ ‘Rdpack’ ‘mclust’
All declared Imports should be used.
Flavors: r-devel-linux-x86_64-fedora-clang, r-devel-linux-x86_64-fedora-gcc