Last updated on 2025-06-30 15:49:46 CEST.
Flavor | Version | Tinstall | Tcheck | Ttotal | Status | Flags |
---|---|---|---|---|---|---|
r-devel-linux-x86_64-debian-clang | 0.0.1 | 12.25 | 27.08 | 39.33 | NOTE | |
r-devel-linux-x86_64-debian-gcc | 0.0.1 | 9.07 | 21.96 | 31.03 | NOTE | |
r-devel-linux-x86_64-fedora-clang | 0.0.1 | 63.40 | OK | |||
r-devel-linux-x86_64-fedora-gcc | 0.0.1 | 61.60 | OK | |||
r-devel-windows-x86_64 | 0.0.1 | 15.00 | 62.00 | 77.00 | OK | |
r-patched-linux-x86_64 | OK | |||||
r-release-linux-x86_64 | 0.0.1 | 13.40 | 25.74 | 39.14 | OK | |
r-release-macos-arm64 | 0.0.1 | 23.00 | OK | |||
r-release-macos-x86_64 | 0.0.1 | 41.00 | OK | |||
r-release-windows-x86_64 | 0.0.1 | 15.00 | 66.00 | 81.00 | OK | |
r-oldrel-macos-arm64 | 0.0.1 | 21.00 | OK | |||
r-oldrel-macos-x86_64 | 0.0.1 | 30.00 | OK | |||
r-oldrel-windows-x86_64 | 0.0.1 | 15.00 | 79.00 | 94.00 | OK |
Version: 0.0.1
Check: CRAN incoming feasibility
Result: NOTE
Maintainer: ‘Fabio Demarqui <fndemarqui@est.ufmg.br>’
Package CITATION file contains call(s) to old-style personList() or
as.personList(). Please use c() on person objects instead.
Package CITATION file contains call(s) to old-style citEntry(). Please
use bibentry() instead.
Flavors: r-devel-linux-x86_64-debian-clang, r-devel-linux-x86_64-debian-gcc