CRAN Package Check Results for Package penalizedSVM

Last updated on 2025-06-30 15:49:46 CEST.

Flavor Version Tinstall Tcheck Ttotal Status Flags
r-devel-linux-x86_64-debian-clang 1.1.4 5.71 37.01 42.72 NOTE
r-devel-linux-x86_64-debian-gcc 1.1.4 3.71 26.55 30.26 NOTE
r-devel-linux-x86_64-fedora-clang 1.1.4 65.75 OK
r-devel-linux-x86_64-fedora-gcc 1.1.4 59.88 OK
r-devel-windows-x86_64 1.1.4 7.00 57.00 64.00 OK
r-patched-linux-x86_64 OK
r-release-linux-x86_64 1.1.4 4.67 34.52 39.19 OK
r-release-macos-arm64 1.1.4 25.00 OK
r-release-macos-x86_64 1.1.4 61.00 OK
r-release-windows-x86_64 1.1.4 7.00 56.00 63.00 OK
r-oldrel-macos-arm64 1.1.4 22.00 OK
r-oldrel-macos-x86_64 1.1.4 55.00 OK
r-oldrel-windows-x86_64 1.1.4 9.00 64.00 73.00 OK

Check Details

Version: 1.1.4
Check: CRAN incoming feasibility
Result: NOTE Maintainer: ‘Frederic Bertrand <frederic.bertrand@utt.fr>’ No Authors@R field in DESCRIPTION. Please add one, modifying Authors@R: c(person(given = "Natalia", family = "Becker", role = "aut"), person(given = "Wiebke", family = "Werft", role = "aut"), person(given = "Axel", family = "Benner", role = "aut"), person(given = "Frederic", family = "Bertrand", role = "cre", email = "frederic.bertrand@utt.fr")) as necessary. Flavors: r-devel-linux-x86_64-debian-clang, r-devel-linux-x86_64-debian-gcc