Last updated on 2024-05-12 13:56:58 CEST.
Flavor | Version | Tinstall | Tcheck | Ttotal | Status | Flags |
---|---|---|---|---|---|---|
r-devel-linux-x86_64-debian-clang | 0.2.4 | 13.28 | 98.42 | 111.70 | OK | |
r-devel-linux-x86_64-debian-gcc | 0.2.4 | 10.47 | 71.25 | 81.72 | OK | |
r-devel-linux-x86_64-fedora-clang | 0.2.4 | 141.70 | NOTE | |||
r-devel-linux-x86_64-fedora-gcc | 0.2.4 | 186.38 | NOTE | |||
r-devel-windows-x86_64 | 0.2.4 | 12.00 | 88.00 | 100.00 | OK | |
r-patched-linux-x86_64 | 0.2.4 | 14.86 | 92.14 | 107.00 | OK | |
r-release-linux-x86_64 | 0.2.4 | 9.26 | 93.18 | 102.44 | OK | |
r-release-macos-arm64 | 0.2.4 | 39.00 | OK | |||
r-release-windows-x86_64 | 0.2.4 | 14.00 | 87.00 | 101.00 | OK | |
r-oldrel-macos-arm64 | 0.2.4 | 41.00 | OK | |||
r-oldrel-macos-x86_64 | 0.2.4 | 78.00 | OK | |||
r-oldrel-windows-x86_64 | 0.2.4 | 17.00 | 104.00 | 121.00 | OK |
Version: 0.2.4
Check: data for non-ASCII characters
Result: NOTE
Note: found 4860 marked UTF-8 strings
Flavors: r-devel-linux-x86_64-fedora-clang, r-devel-linux-x86_64-fedora-gcc