Last updated on 2025-11-04 07:50:02 CET.
| Flavor | Version | Tinstall | Tcheck | Ttotal | Status | Flags | 
|---|---|---|---|---|---|---|
| r-devel-linux-x86_64-debian-clang | 0.2.0 | 18.93 | 141.39 | 160.32 | NOTE | |
| r-devel-linux-x86_64-debian-gcc | 0.2.0 | 12.68 | 99.55 | 112.23 | NOTE | |
| r-devel-linux-x86_64-fedora-clang | 0.2.0 | 38.00 | 209.41 | 247.41 | OK | |
| r-devel-linux-x86_64-fedora-gcc | 0.2.0 | 32.00 | 191.04 | 223.04 | OK | |
| r-devel-windows-x86_64 | 0.2.0 | 20.00 | 138.00 | 158.00 | OK | |
| r-patched-linux-x86_64 | 0.2.0 | 17.22 | 131.47 | 148.69 | OK | |
| r-release-linux-x86_64 | 0.2.0 | 17.79 | 132.84 | 150.63 | OK | |
| r-release-macos-arm64 | 0.2.0 | 10.00 | 79.00 | 89.00 | OK | |
| r-release-macos-x86_64 | 0.2.0 | 17.00 | 103.00 | 120.00 | OK | |
| r-release-windows-x86_64 | 0.2.0 | 20.00 | 126.00 | 146.00 | OK | |
| r-oldrel-macos-arm64 | 0.2.0 | 8.00 | 52.00 | 60.00 | OK | |
| r-oldrel-macos-x86_64 | 0.2.0 | 11.00 | 73.00 | 84.00 | OK | |
| r-oldrel-windows-x86_64 | 0.2.0 | 26.00 | 174.00 | 200.00 | OK | 
Version: 0.2.0
Check: CRAN incoming feasibility
Result: NOTE
  Maintainer: ‘Pariya Behrouzi <pariya.behrouzi@gmail.com>’
  
  No Authors@R field in DESCRIPTION.
  Please add one, modifying
    Authors@R: c(person(given = "Willem",
                        family = "Kruijer",
                        role = "aut"),
                 person(given = "Pariya",
                        family = "Behrouzi",
                        role = c("aut", "cre"),
                        email = "pariya.behrouzi@gmail.com"),
                 person(given = c("Maria", "Xose"),
                        family = "Rodriguez-Alvarez",
                        role = "aut"))
  as necessary.
Flavors: r-devel-linux-x86_64-debian-clang, r-devel-linux-x86_64-debian-gcc