Last updated on 2025-02-21 13:50:58 CET.
Flavor | Version | Tinstall | Tcheck | Ttotal | Status | Flags |
---|---|---|---|---|---|---|
r-devel-linux-x86_64-debian-clang | 2.7-12 | 83.21 | 339.07 | 422.28 | OK | |
r-devel-linux-x86_64-debian-gcc | 2.7-12 | 60.46 | 210.16 | 270.62 | NOTE | |
r-devel-linux-x86_64-fedora-clang | 2.7-12 | 687.70 | OK | |||
r-devel-linux-x86_64-fedora-gcc | 2.7-12 | 689.88 | OK | |||
r-devel-macos-arm64 | 2.7-12 | 205.00 | OK | |||
r-devel-macos-x86_64 | 2.7-12 | 367.00 | OK | |||
r-devel-windows-x86_64 | 2.7-12 | 92.00 | 385.00 | 477.00 | OK | |
r-patched-linux-x86_64 | 2.7-12 | 86.40 | 313.99 | 400.39 | OK | |
r-release-linux-x86_64 | 2.7-12 | 82.79 | 310.71 | 393.50 | OK | |
r-release-macos-arm64 | 2.7-12 | 179.00 | NOTE | |||
r-release-macos-x86_64 | 2.7-12 | 320.00 | NOTE | |||
r-release-windows-x86_64 | 2.7-12 | 94.00 | 377.00 | 471.00 | NOTE | |
r-oldrel-macos-arm64 | 2.7-12 | 187.00 | NOTE | |||
r-oldrel-macos-x86_64 | 2.7-12 | 371.00 | NOTE | |||
r-oldrel-windows-x86_64 | 2.7-12 | 116.00 | 445.00 | 561.00 | NOTE |
Version: 2.7-12
Check: re-building of vignette outputs
Result: NOTE
Note: skipping ‘vignette2018.Rnw’ due to unavailable dependencies:
'Rgraphviz'
Flavor: r-devel-linux-x86_64-debian-gcc
Version: 2.7-12
Check: installed package size
Result: NOTE
installed size is 11.4Mb
sub-directories of 1Mb or more:
data 2.1Mb
libs 6.6Mb
Flavors: r-release-macos-arm64, r-release-macos-x86_64, r-release-windows-x86_64, r-oldrel-macos-arm64, r-oldrel-macos-x86_64, r-oldrel-windows-x86_64