Last updated on 2025-02-22 12:50:44 CET.
Flavor | Version | Tinstall | Tcheck | Ttotal | Status | Flags |
---|---|---|---|---|---|---|
r-devel-linux-x86_64-debian-clang | 1.2.3 | 3.57 | 32.87 | 36.44 | NOTE | |
r-devel-linux-x86_64-debian-gcc | 1.2.3 | 2.49 | 24.58 | 27.07 | NOTE | |
r-devel-linux-x86_64-fedora-clang | 1.2.3 | 58.68 | OK | |||
r-devel-linux-x86_64-fedora-gcc | 1.2.3 | 56.47 | OK | |||
r-devel-macos-arm64 | 1.2.3 | 20.00 | OK | |||
r-devel-macos-x86_64 | 1.2.3 | 33.00 | OK | |||
r-devel-windows-x86_64 | 1.2.3 | 5.00 | 59.00 | 64.00 | NOTE | |
r-patched-linux-x86_64 | 1.2.3 | 5.62 | 31.34 | 36.96 | OK | |
r-release-linux-x86_64 | 1.2.3 | 3.51 | 31.42 | 34.93 | OK | |
r-release-macos-arm64 | 1.2.3 | 20.00 | OK | |||
r-release-macos-x86_64 | 1.2.3 | 28.00 | OK | |||
r-release-windows-x86_64 | 1.2.3 | 5.00 | 59.00 | 64.00 | OK | |
r-oldrel-macos-arm64 | 1.2.3 | 28.00 | OK | |||
r-oldrel-macos-x86_64 | 1.2.3 | 59.00 | OK | |||
r-oldrel-windows-x86_64 | 1.2.3 | 5.00 | 65.00 | 70.00 | OK |
Version: 1.2.3
Check: Rd cross-references
Result: NOTE
Found the following Rd file(s) with Rd \link{} targets missing package
anchors:
gt1mAccFile.Rd: as.matrix.csr
gt3xAccFile.Rd: as.matrix.csr
Please provide package anchors for all Rd \link{} targets not in the
package itself and the base packages.
Flavors: r-devel-linux-x86_64-debian-clang, r-devel-linux-x86_64-debian-gcc, r-devel-windows-x86_64