CRAN Package Check Results for Package parallelMap

Last updated on 2025-06-30 15:49:46 CEST.

Flavor Version Tinstall Tcheck Ttotal Status Flags
r-devel-linux-x86_64-debian-clang 1.5.1 3.20 50.62 53.82 OK
r-devel-linux-x86_64-debian-gcc 1.5.1 1.99 41.29 43.28 OK
r-devel-linux-x86_64-fedora-clang 1.5.1 79.53 OK
r-devel-linux-x86_64-fedora-gcc 1.5.1 72.03 OK
r-devel-windows-x86_64 1.5.1 5.00 75.00 80.00 OK
r-patched-linux-x86_64 OK
r-release-linux-x86_64 1.5.1 2.34 47.49 49.83 OK
r-release-macos-arm64 1.5.1 36.00 OK
r-release-macos-x86_64 1.5.1 61.00 OK
r-release-windows-x86_64 1.5.1 5.00 77.00 82.00 OK
r-oldrel-macos-arm64 1.5.1 32.00 NOTE
r-oldrel-macos-x86_64 1.5.1 47.00 NOTE
r-oldrel-windows-x86_64 1.5.1 6.00 89.00 95.00 OK

Check Details

Version: 1.5.1
Check: package dependencies
Result: NOTE Package suggested but not available for checking: ‘Rmpi’ Flavors: r-oldrel-macos-arm64, r-oldrel-macos-x86_64