Last updated on 2025-11-04 07:50:02 CET.
| Flavor | Version | Tinstall | Tcheck | Ttotal | Status | Flags | 
|---|---|---|---|---|---|---|
| r-devel-linux-x86_64-debian-clang | 0.9.0 | 205.23 | 64.21 | 269.44 | OK | |
| r-devel-linux-x86_64-debian-gcc | 0.9.0 | 155.78 | 46.89 | 202.67 | OK | |
| r-devel-linux-x86_64-fedora-clang | 0.9.0 | 409.00 | 4.78 | 413.78 | OK | |
| r-devel-linux-x86_64-fedora-gcc | 0.9.0 | 491.00 | -34.96 | 456.04 | OK | |
| r-devel-windows-x86_64 | 0.9.0 | 487.00 | 82.00 | 569.00 | OK | |
| r-patched-linux-x86_64 | 0.9.0 | 211.54 | 59.58 | 271.12 | OK | |
| r-release-linux-x86_64 | 0.9.0 | 209.19 | 59.78 | 268.97 | OK | |
| r-release-macos-arm64 | 0.9.0 | 126.00 | 54.00 | 180.00 | OK | |
| r-release-macos-x86_64 | 0.9.0 | 222.00 | 95.00 | 317.00 | OK | |
| r-release-windows-x86_64 | 0.9.0 | 502.00 | 82.00 | 584.00 | OK | |
| r-oldrel-macos-arm64 | 0.9.0 | 109.00 | 47.00 | 156.00 | NOTE | |
| r-oldrel-macos-x86_64 | 0.9.0 | 259.00 | 70.00 | 329.00 | NOTE | |
| r-oldrel-windows-x86_64 | 0.9.0 | 546.00 | 100.00 | 646.00 | NOTE | 
Version: 0.9.0
Check: installed package size
Result: NOTE
    installed size is 12.4Mb
    sub-directories of 1Mb or more:
      library  11.5Mb
Flavors: r-oldrel-macos-arm64, r-oldrel-macos-x86_64, r-oldrel-windows-x86_64