Last updated on 2025-11-16 07:49:42 CET.
| Flavor | Version | Tinstall | Tcheck | Ttotal | Status | Flags |
|---|---|---|---|---|---|---|
| r-devel-linux-x86_64-debian-clang | 2.0 | 8.69 | 104.89 | 113.58 | NOTE | |
| r-devel-linux-x86_64-debian-gcc | 2.0 | 7.74 | 78.73 | 86.47 | NOTE | |
| r-devel-linux-x86_64-fedora-clang | 2.0 | 21.00 | 159.25 | 180.25 | OK | |
| r-devel-linux-x86_64-fedora-gcc | 2.0 | 24.00 | 162.90 | 186.90 | OK | |
| r-devel-windows-x86_64 | 2.0 | 14.00 | 115.00 | 129.00 | OK | |
| r-patched-linux-x86_64 | 2.0 | 9.87 | 103.21 | 113.08 | OK | |
| r-release-linux-x86_64 | 2.0 | 9.01 | 103.57 | 112.58 | OK | |
| r-release-macos-arm64 | 2.0 | 4.00 | 44.00 | 48.00 | OK | |
| r-release-macos-x86_64 | 2.0 | 8.00 | 83.00 | 91.00 | OK | |
| r-release-windows-x86_64 | 2.0 | 13.00 | 114.00 | 127.00 | OK | |
| r-oldrel-macos-arm64 | 2.0 | 5.00 | 40.00 | 45.00 | OK | |
| r-oldrel-macos-x86_64 | 2.0 | 7.00 | 67.00 | 74.00 | OK | |
| r-oldrel-windows-x86_64 | 2.0 | 16.00 | 147.00 | 163.00 | OK |
Version: 2.0
Check: CRAN incoming feasibility
Result: NOTE
Maintainer: ‘Joseph G Kreke <jkreke2@gmail.com>’
No Authors@R field in DESCRIPTION.
Please add one, modifying
Authors@R: c(person(given = c("Joseph", "G"),
family = "Kreke",
role = c("aut", "cre"),
email = "jkreke2@gmail.com"),
person(given = "PhD;",
family = "Harris",
role = "aut"),
person(given = c("Inc.", "Sangeet"),
family = "Khemlani",
role = "aut"),
person(given = c("PhD;", "Naval", "Research", "Laboratory.", "Greg"),
family = "Trafton",
role = "aut"),
person(given = c("PhD;", "Naval", "Research"),
family = "Laboratory.",
role = "aut"))
as necessary.
Flavors: r-devel-linux-x86_64-debian-clang, r-devel-linux-x86_64-debian-gcc