Last updated on 2025-11-04 07:50:02 CET.
| Flavor | Version | Tinstall | Tcheck | Ttotal | Status | Flags | 
|---|---|---|---|---|---|---|
| r-devel-linux-x86_64-debian-clang | 0.2.2 | 2.52 | 34.59 | 37.11 | OK | |
| r-devel-linux-x86_64-debian-gcc | 0.2.2 | 1.94 | 25.88 | 27.82 | OK | |
| r-devel-linux-x86_64-fedora-clang | 0.2.2 | 53.11 | OK | |||
| r-devel-linux-x86_64-fedora-gcc | 0.2.2 | 50.31 | OK | |||
| r-devel-windows-x86_64 | 0.2.2 | 3.00 | 49.00 | 52.00 | OK | |
| r-patched-linux-x86_64 | 0.2.2 | 1.57 | 30.74 | 32.31 | OK | |
| r-release-linux-x86_64 | 0.2.2 | 1.81 | 30.90 | 32.71 | OK | |
| r-release-macos-arm64 | 0.2.2 | 1.00 | 19.00 | 20.00 | OK | |
| r-release-macos-x86_64 | 0.2.2 | 3.00 | 41.00 | 44.00 | OK | |
| r-release-windows-x86_64 | 0.2.2 | 3.00 | 48.00 | 51.00 | OK | |
| r-oldrel-macos-arm64 | 0.2.2 | 1.00 | 18.00 | 19.00 | NOTE | |
| r-oldrel-macos-x86_64 | 0.2.2 | 2.00 | 27.00 | 29.00 | NOTE | |
| r-oldrel-windows-x86_64 | 0.2.2 | 6.00 | 59.00 | 65.00 | NOTE | 
Version: 0.2.2
Check: LazyData
Result: NOTE
    'LazyData' is specified without a 'data' directory
Flavors: r-oldrel-macos-arm64, r-oldrel-macos-x86_64, r-oldrel-windows-x86_64