Last updated on 2025-05-03 22:50:02 CEST.
Flavor | Version | Tinstall | Tcheck | Ttotal | Status | Flags |
---|---|---|---|---|---|---|
r-devel-linux-x86_64-debian-clang | 0.6.8 | 194.86 | 102.48 | 297.34 | NOTE | |
r-devel-linux-x86_64-debian-gcc | 0.6.8 | 143.39 | 82.52 | 225.91 | OK | |
r-devel-linux-x86_64-fedora-clang | 0.6.8 | 585.96 | OK | |||
r-devel-linux-x86_64-fedora-gcc | 0.6.8 | 592.45 | OK | |||
r-devel-windows-x86_64 | 0.6.8 | 211.00 | 160.00 | 371.00 | OK | |
r-patched-linux-x86_64 | 0.6.8 | 186.20 | 95.28 | 281.48 | OK | |
r-release-linux-x86_64 | OK | |||||
r-release-macos-arm64 | 0.6.8 | 186.00 | OK | |||
r-release-macos-x86_64 | 0.6.8 | 186.00 | OK | |||
r-release-windows-x86_64 | 0.6.8 | 214.00 | 130.00 | 344.00 | OK | |
r-oldrel-macos-arm64 | 0.6.8 | 146.00 | NOTE | |||
r-oldrel-macos-x86_64 | 0.6.8 | 130.00 | NOTE | |||
r-oldrel-windows-x86_64 | 0.6.8 | 238.00 | 151.00 | 389.00 | OK |
Version: 0.6.8
Check: examples
Result: NOTE
Examples with CPU time > 2.5 times elapsed time
user system elapsed ratio
orthoDr_surv 2.132 0.069 0.867 2.539
Flavor: r-devel-linux-x86_64-debian-clang
Version: 0.6.8
Check: installed package size
Result: NOTE
installed size is 9.5Mb
sub-directories of 1Mb or more:
libs 9.2Mb
Flavors: r-oldrel-macos-arm64, r-oldrel-macos-x86_64